{"id":9357,"date":"2026-08-17T10:25:03","date_gmt":"2026-08-17T13:25:03","guid":{"rendered":"https:\/\/eqtprev.com.br\/?page_id=9357"},"modified":"2026-08-17T11:04:35","modified_gmt":"2026-08-17T14:04:35","slug":"gestao-de-riscos","status":"publish","type":"page","link":"https:\/\/eqtprev.com.br\/index.php\/gestao-de-riscos\/","title":{"rendered":"Gest\u00e3o de Riscos"},"content":{"rendered":"\t\t<div data-elementor-type=\"wp-page\" data-elementor-id=\"9357\" class=\"elementor elementor-9357\" data-elementor-post-type=\"page\">\n\t\t\t\t<div class=\"elementor-element elementor-element-5b38310 e-flex e-con-boxed e-con e-parent\" data-id=\"5b38310\" data-element_type=\"container\" data-e-type=\"container\">\n\t\t\t\t\t<div class=\"e-con-inner\">\n\t\t<div class=\"elementor-element elementor-element-b569371 e-con-full e-flex e-con e-child\" data-id=\"b569371\" data-element_type=\"container\" data-e-type=\"container\">\n\t\t\t\t<div class=\"elementor-element elementor-element-d7ff713 elementor-widget elementor-widget-text-editor\" data-id=\"d7ff713\" data-element_type=\"widget\" data-e-type=\"widget\" data-widget_type=\"text-editor.default\">\n\t\t\t\t<div class=\"elementor-widget-container\">\n\t\t\t\t\t\t\t\t\t<p><span style=\"color: #2f2933;\">Palavra do Presidente<\/span><\/p>\t\t\t\t\t\t\t\t<\/div>\n\t\t\t\t<\/div>\n\t\t\t\t<div class=\"elementor-element elementor-element-701888f elementor-widget__width-initial elementor-widget elementor-widget-text-editor\" data-id=\"701888f\" data-element_type=\"widget\" data-e-type=\"widget\" data-widget_type=\"text-editor.default\">\n\t\t\t\t<div class=\"elementor-widget-container\">\n\t\t\t\t\t\t\t\t\t<p>A EQTPREV tem como compromisso permanente a prote\u00e7\u00e3o dos interesses de seus participantes e assistidos, a preserva\u00e7\u00e3o do patrim\u00f4nio previdenci\u00e1rio e o fortalecimento de uma governan\u00e7a s\u00f3lida, \u00e9tica e transparente. Nesse contexto, a Gest\u00e3o de Riscos representa um instrumento essencial para apoiar a tomada de decis\u00f5es respons\u00e1veis e assegurar a sustentabilidade da Entidade.<\/p><p>Na EQTPREV, gerir riscos vai al\u00e9m do atendimento \u00e0s exig\u00eancias legais e regulat\u00f3rias. Trata-se de uma pr\u00e1tica estrat\u00e9gica, integrada aos processos organizacionais, que permite identificar, avaliar, tratar e monitorar riscos de forma sistem\u00e1tica, considerando seus impactos e probabilidades de ocorr\u00eancia. Esse processo contribui diretamente para o aprimoramento dos controles internos, para a mitiga\u00e7\u00e3o de perdas e para o alcance dos objetivos institucionais.<\/p><p>Acreditamos que uma gest\u00e3o de riscos eficaz depende do envolvimento de todos: \u00f3rg\u00e3os de governan\u00e7a, diretoria, gestores e colaboradores. Por isso, incentivamos uma cultura organizacional pautada pela responsabilidade, pela segrega\u00e7\u00e3o de fun\u00e7\u00f5es, pela compet\u00eancia t\u00e9cnica e pela observ\u00e2ncia rigorosa das normas internas e externas aplic\u00e1veis \u00e0 Entidade.<\/p><p>Reafirmo, assim, o compromisso da Presid\u00eancia com o fortalecimento cont\u00ednuo da gest\u00e3o de riscos e dos controles internos da EQTPREV, entendendo-os como pilares fundamentais da boa governan\u00e7a, da integridade institucional e da confian\u00e7a depositada em nossa atua\u00e7\u00e3o.<\/p><p>Seguimos firmes no prop\u00f3sito de atuar de forma prudente, transparente e alinhada \u00e0s melhores pr\u00e1ticas, sempre em defesa dos direitos e da seguran\u00e7a previdenci\u00e1ria de nossos participantes e assistidos.<\/p><p>\u00a0<\/p><p>Mauro Chaves de Almeida<\/p><p>Presidente da EQTPREV<\/p>\t\t\t\t\t\t\t\t<\/div>\n\t\t\t\t<\/div>\n\t\t\t\t<div class=\"elementor-element elementor-element-a5ee8a2 elementor-align-justify elementor-widget elementor-widget-button\" data-id=\"a5ee8a2\" data-element_type=\"widget\" data-e-type=\"widget\" data-widget_type=\"button.default\">\n\t\t\t\t<div class=\"elementor-widget-container\">\n\t\t\t\t\t\t\t\t\t<div class=\"elementor-button-wrapper\">\n\t\t\t\t\t<a class=\"elementor-button elementor-button-link elementor-size-sm\" href=\"https:\/\/eqtprev.com.br\/wp-content\/uploads\/2026\/08\/MN.003.EQTPREV.Riscos-Politica-de-Gestao-de-Riscos.pdf\" target=\"_blank\">\n\t\t\t\t\t\t<span class=\"elementor-button-content-wrapper\">\n\t\t\t\t\t\t\t\t\t<span class=\"elementor-button-text\">Pol\u00edtica de Gest\u00e3o de Riscos<\/span>\n\t\t\t\t\t<\/span>\n\t\t\t\t\t<\/a>\n\t\t\t\t<\/div>\n\t\t\t\t\t\t\t\t<\/div>\n\t\t\t\t<\/div>\n\t\t\t\t<\/div>\n\t\t<div class=\"elementor-element elementor-element-b56309a e-con-full e-flex e-con e-child\" data-id=\"b56309a\" data-element_type=\"container\" data-e-type=\"container\">\n\t\t\t\t<div class=\"elementor-element elementor-element-508cc68 elementor-widget elementor-widget-image\" data-id=\"508cc68\" data-element_type=\"widget\" data-e-type=\"widget\" data-widget_type=\"image.default\">\n\t\t\t\t<div class=\"elementor-widget-container\">\n\t\t\t\t\t\t\t\t\t\t\t\t\t\t\t<img fetchpriority=\"high\" decoding=\"async\" width=\"768\" height=\"1026\" src=\"https:\/\/eqtprev.com.br\/wp-content\/uploads\/2026\/08\/Mauro-Chaves-nova-e1786972052865-768x1026.jpeg\" class=\"attachment-medium_large size-medium_large wp-image-9363\" alt=\"\" srcset=\"https:\/\/eqtprev.com.br\/wp-content\/uploads\/2026\/08\/Mauro-Chaves-nova-e1786972052865-768x1026.jpeg 768w, https:\/\/eqtprev.com.br\/wp-content\/uploads\/2026\/08\/Mauro-Chaves-nova-e1786972052865-225x300.jpeg 225w, https:\/\/eqtprev.com.br\/wp-content\/uploads\/2026\/08\/Mauro-Chaves-nova-e1786972052865-766x1024.jpeg 766w, https:\/\/eqtprev.com.br\/wp-content\/uploads\/2026\/08\/Mauro-Chaves-nova-e1786972052865.jpeg 1020w\" sizes=\"(max-width: 768px) 100vw, 768px\" \/>\t\t\t\t\t\t\t\t\t\t\t\t\t\t\t<\/div>\n\t\t\t\t<\/div>\n\t\t\t\t<\/div>\n\t\t\t\t\t<\/div>\n\t\t\t\t<\/div>\n\t\t<div class=\"elementor-element elementor-element-dccb56e e-con-full e-flex e-con e-parent\" data-id=\"dccb56e\" data-element_type=\"container\" data-e-type=\"container\">\n\t\t\t\t<\/div>\n\t\t\t\t<\/div>\n\t\t","protected":false},"excerpt":{"rendered":"<p>Palavra do Presidente A EQTPREV tem como compromisso permanente a prote\u00e7\u00e3o dos interesses de seus participantes e assistidos, a preserva\u00e7\u00e3o do patrim\u00f4nio previdenci\u00e1rio e o fortalecimento de uma governan\u00e7a s\u00f3lida, \u00e9tica e transparente. Nesse contexto, a Gest\u00e3o de Riscos representa um instrumento essencial para apoiar a tomada de decis\u00f5es respons\u00e1veis e assegurar a sustentabilidade da [&hellip;]<\/p>\n","protected":false},"author":11,"featured_media":0,"parent":0,"menu_order":0,"comment_status":"closed","ping_status":"closed","template":"","meta":{"inline_featured_image":false,"footnotes":""},"class_list":["post-9357","page","type-page","status-publish","hentry"],"_links":{"self":[{"href":"https:\/\/eqtprev.com.br\/index.php\/wp-json\/wp\/v2\/pages\/9357","targetHints":{"allow":["GET"]}}],"collection":[{"href":"https:\/\/eqtprev.com.br\/index.php\/wp-json\/wp\/v2\/pages"}],"about":[{"href":"https:\/\/eqtprev.com.br\/index.php\/wp-json\/wp\/v2\/types\/page"}],"author":[{"embeddable":true,"href":"https:\/\/eqtprev.com.br\/index.php\/wp-json\/wp\/v2\/users\/11"}],"replies":[{"embeddable":true,"href":"https:\/\/eqtprev.com.br\/index.php\/wp-json\/wp\/v2\/comments?post=9357"}],"version-history":[{"count":13,"href":"https:\/\/eqtprev.com.br\/index.php\/wp-json\/wp\/v2\/pages\/9357\/revisions"}],"predecessor-version":[{"id":9451,"href":"https:\/\/eqtprev.com.br\/index.php\/wp-json\/wp\/v2\/pages\/9357\/revisions\/9451"}],"wp:attachment":[{"href":"https:\/\/eqtprev.com.br\/index.php\/wp-json\/wp\/v2\/media?parent=9357"}],"curies":[{"name":"wp","href":"https:\/\/api.w.org\/{rel}","templated":true}]}}

Gestão de Riscos

<div data-elementor-type="wp-page" data-elementor-id="9357" class="elementor elementor-9357" data-elementor-post-type="page">
				<div class="elementor-element elementor-element-5b38310 e-flex e-con-boxed e-con e-parent" data-id="5b38310" data-element_type="container" data-e-type="container">
					<div class="e-con-inner">
		<div class="elementor-element elementor-element-b569371 e-con-full e-flex e-con e-child" data-id="b569371" data-element_type="container" data-e-type="container">
				<div class="elementor-element elementor-element-d7ff713 elementor-widget elementor-widget-text-editor" data-id="d7ff713" data-element_type="widget" data-e-type="widget" data-widget_type="text-editor.default">
				<div class="elementor-widget-container">
									<p><span style="color: #2f2933;">Palavra do Presidente</span></p>								</div>
				</div>
				<div class="elementor-element elementor-element-701888f elementor-widget__width-initial elementor-widget elementor-widget-text-editor" data-id="701888f" data-element_type="widget" data-e-type="widget" data-widget_type="text-editor.default">
				<div class="elementor-widget-container">
									<p>A EQTPREV tem como compromisso permanente a proteção dos interesses de seus participantes e assistidos, a preservação do patrimônio previdenciário e o fortalecimento de uma governança sólida, ética e transparente. Nesse contexto, a Gestão de Riscos representa um instrumento essencial para apoiar a tomada de decisões responsáveis e assegurar a sustentabilidade da Entidade.</p><p>Na EQTPREV, gerir riscos vai além do atendimento às exigências legais e regulatórias. Trata-se de uma prática estratégica, integrada aos processos organizacionais, que permite identificar, avaliar, tratar e monitorar riscos de forma sistemática, considerando seus impactos e probabilidades de ocorrência. Esse processo contribui diretamente para o aprimoramento dos controles internos, para a mitigação de perdas e para o alcance dos objetivos institucionais.</p><p>Acreditamos que uma gestão de riscos eficaz depende do envolvimento de todos: órgãos de governança, diretoria, gestores e colaboradores. Por isso, incentivamos uma cultura organizacional pautada pela responsabilidade, pela segregação de funções, pela competência técnica e pela observância rigorosa das normas internas e externas aplicáveis à Entidade.</p><p>Reafirmo, assim, o compromisso da Presidência com o fortalecimento contínuo da gestão de riscos e dos controles internos da EQTPREV, entendendo-os como pilares fundamentais da boa governança, da integridade institucional e da confiança depositada em nossa atuação.</p><p>Seguimos firmes no propósito de atuar de forma prudente, transparente e alinhada às melhores práticas, sempre em defesa dos direitos e da segurança previdenciária de nossos participantes e assistidos.</p><p> </p><p>Mauro Chaves de Almeida</p><p>Presidente da EQTPREV</p>								</div>
				</div>
				<div class="elementor-element elementor-element-a5ee8a2 elementor-align-justify elementor-widget elementor-widget-button" data-id="a5ee8a2" data-element_type="widget" data-e-type="widget" data-widget_type="button.default">
				<div class="elementor-widget-container">
									<div class="elementor-button-wrapper">
					<a class="elementor-button elementor-button-link elementor-size-sm" href="https://eqtprev.com.br/wp-content/uploads/2026/08/MN.003.EQTPREV.Riscos-Politica-de-Gestao-de-Riscos.pdf" target="_blank">
						<span class="elementor-button-content-wrapper">
									<span class="elementor-button-text">Política de Gestão de Riscos</span>
					</span>
					</a>
				</div>
								</div>
				</div>
				</div>
		<div class="elementor-element elementor-element-b56309a e-con-full e-flex e-con e-child" data-id="b56309a" data-element_type="container" data-e-type="container">
				<div class="elementor-element elementor-element-508cc68 elementor-widget elementor-widget-image" data-id="508cc68" data-element_type="widget" data-e-type="widget" data-widget_type="image.default">
				<div class="elementor-widget-container">
															<img fetchpriority="high" decoding="async" width="768" height="1026" src="https://eqtprev.com.br/wp-content/uploads/2026/08/Mauro-Chaves-nova-e1786972052865-768x1026.jpeg" class="attachment-medium_large size-medium_large wp-image-9363" alt="" srcset="https://eqtprev.com.br/wp-content/uploads/2026/08/Mauro-Chaves-nova-e1786972052865-768x1026.jpeg 768w, https://eqtprev.com.br/wp-content/uploads/2026/08/Mauro-Chaves-nova-e1786972052865-225x300.jpeg 225w, https://eqtprev.com.br/wp-content/uploads/2026/08/Mauro-Chaves-nova-e1786972052865-766x1024.jpeg 766w, https://eqtprev.com.br/wp-content/uploads/2026/08/Mauro-Chaves-nova-e1786972052865.jpeg 1020w" sizes="(max-width: 768px) 100vw, 768px" />															</div>
				</div>
				</div>
					</div>
				</div>
		<div class="elementor-element elementor-element-dccb56e e-con-full e-flex e-con e-parent" data-id="dccb56e" data-element_type="container" data-e-type="container">
				</div>
				</div>

<p>Palavra do Presidente A EQTPREV tem como compromisso permanente a proteção dos interesses de seus participantes e assistidos, a preservação do patrimônio previdenciário e o fortalecimento de uma governança sólida, ética e transparente. Nesse contexto, a Gestão de Riscos representa um instrumento essencial para apoiar a tomada de decisões responsáveis e assegurar a sustentabilidade da [&hellip;]</p>
