{"id":7399,"date":"2025-04-29T16:28:02","date_gmt":"2025-04-29T19:28:02","guid":{"rendered":"http:\/\/eqtprev.com.br\/?page_id=7399"},"modified":"2025-04-29T20:29:53","modified_gmt":"2025-04-29T23:29:53","slug":"resultados-financeiros-rascunho","status":"publish","type":"page","link":"https:\/\/eqtprev.com.br\/index.php\/resultados-financeiros-rascunho\/","title":{"rendered":"Resultados financeiros"},"content":{"rendered":"\t\t<div data-elementor-type=\"wp-page\" data-elementor-id=\"7399\" class=\"elementor elementor-7399\" data-elementor-post-type=\"page\">\n\t\t\t\t<div class=\"elementor-element elementor-element-6a4bda8d e-flex e-con-boxed e-con e-parent\" data-id=\"6a4bda8d\" data-element_type=\"container\" data-e-type=\"container\" data-settings=\"{&quot;background_background&quot;:&quot;classic&quot;}\">\n\t\t\t\t\t<div class=\"e-con-inner\">\n\t\t\t\t<div class=\"elementor-element elementor-element-75dab484 elementor-widget elementor-widget-image\" data-id=\"75dab484\" data-element_type=\"widget\" data-e-type=\"widget\" data-widget_type=\"image.default\">\n\t\t\t\t<div class=\"elementor-widget-container\">\n\t\t\t\t\t\t\t\t\t\t\t\t\t\t\t<img fetchpriority=\"high\" decoding=\"async\" width=\"1921\" height=\"389\" src=\"https:\/\/eqtprev.com.br\/wp-content\/uploads\/2025\/04\/resultados_financeiros.png\" class=\"attachment-full size-full wp-image-7404\" alt=\"\" srcset=\"https:\/\/eqtprev.com.br\/wp-content\/uploads\/2025\/04\/resultados_financeiros.png 1921w, https:\/\/eqtprev.com.br\/wp-content\/uploads\/2025\/04\/resultados_financeiros-300x61.png 300w, https:\/\/eqtprev.com.br\/wp-content\/uploads\/2025\/04\/resultados_financeiros-1024x207.png 1024w, https:\/\/eqtprev.com.br\/wp-content\/uploads\/2025\/04\/resultados_financeiros-768x156.png 768w, https:\/\/eqtprev.com.br\/wp-content\/uploads\/2025\/04\/resultados_financeiros-1536x311.png 1536w\" sizes=\"(max-width: 1921px) 100vw, 1921px\" \/>\t\t\t\t\t\t\t\t\t\t\t\t\t\t\t<\/div>\n\t\t\t\t<\/div>\n\t\t\t\t\t<\/div>\n\t\t\t\t<\/div>\n\t\t<div class=\"elementor-element elementor-element-1da5d1d e-flex e-con-boxed e-con e-parent\" data-id=\"1da5d1d\" data-element_type=\"container\" data-e-type=\"container\">\n\t\t\t\t\t<div class=\"e-con-inner\">\n\t\t\t\t<div class=\"elementor-element elementor-element-5313ff50 titulos elementor-widget elementor-widget-heading\" data-id=\"5313ff50\" data-element_type=\"widget\" data-e-type=\"widget\" data-widget_type=\"heading.default\">\n\t\t\t\t<div class=\"elementor-widget-container\">\n\t\t\t\t\t<h2 class=\"elementor-heading-title elementor-size-default\">DESEMPENHO DOS INVESTIMENTOS<\/h2>\t\t\t\t<\/div>\n\t\t\t\t<\/div>\n\t\t\t\t<div class=\"elementor-element elementor-element-74086150 elementor-widget elementor-widget-text-editor\" data-id=\"74086150\" data-element_type=\"widget\" data-e-type=\"widget\" data-widget_type=\"text-editor.default\">\n\t\t\t\t<div class=\"elementor-widget-container\">\n\t\t\t\t\t\t\t\t\t<p>Dos 11 planos administrados pela EQTPREV, tr\u00eas superaram a meta em 2024: Plano Equatorial BD Goi\u00e1s, Plano BDI e o Plano Equatorial CD (Perfil Conservador). Apenas os planos Equatorial CV Piau\u00ed e Equatorial CD (Perfil Arrojado) tiveram desempenho abaixo do esperado, resultado impactado pelo segmento de renda vari\u00e1vel, uma vez que o \u00edndice IBOVESPA foi negativo em 2024.<\/p><p>A rentabilidade dos planos Celpa OP, Equatorial BD Alagoas, Equatorial CD Alagoas, Celpa R, Equatorial BD Piau\u00ed, Equatorial BD, Equatorial CV Goi\u00e1s e Equatorial CD (Perfil Moderado) ficou pr\u00f3xima do \u00edndice de refer\u00eancia.<\/p><p>Os investimentos no exterior foram o maior destaque da carteira em 2024, trazendo significativos resultados para os planos: Equatorial CD (Perfil Moderado) 45,78% a.a., Equatorial CD (Perfil Arrojado) 45,84% a.a., Equatorial BD Goi\u00e1s 54% a.a. e Equatorial CV Goi\u00e1s 53,28% a.a. Com essa estrat\u00e9gia de aloca\u00e7\u00e3o no exterior \u00e9 poss\u00edvel capturar ganhos de outras economias mundiais e, ainda, se proteger de uma eventual desvaloriza\u00e7\u00e3o do real. Refletindo resili\u00eancia e capacidade de adapta\u00e7\u00e3o em cen\u00e1rios macroecon\u00f4micos desafiadores.<\/p>\t\t\t\t\t\t\t\t<\/div>\n\t\t\t\t<\/div>\n\t\t\t\t\t<\/div>\n\t\t\t\t<\/div>\n\t\t<div class=\"elementor-element elementor-element-176d8761 note e-flex e-con-boxed e-con e-parent\" data-id=\"176d8761\" data-element_type=\"container\" data-e-type=\"container\" data-settings=\"{&quot;background_background&quot;:&quot;classic&quot;}\">\n\t\t\t\t\t<div class=\"e-con-inner\">\n\t\t\t\t<div class=\"elementor-element elementor-element-792ebcea note elementor-widget elementor-widget-image\" data-id=\"792ebcea\" data-element_type=\"widget\" data-e-type=\"widget\" data-widget_type=\"image.default\">\n\t\t\t\t<div class=\"elementor-widget-container\">\n\t\t\t\t\t\t\t\t\t\t\t\t\t\t\t<img decoding=\"async\" width=\"2560\" height=\"1270\" src=\"https:\/\/eqtprev.com.br\/wp-content\/uploads\/2025\/04\/RESULTADOS-FINANCEIROS_2_NOVA-TABELA_b-scaled-1.png\" class=\"attachment-full size-full wp-image-7405\" alt=\"\" srcset=\"https:\/\/eqtprev.com.br\/wp-content\/uploads\/2025\/04\/RESULTADOS-FINANCEIROS_2_NOVA-TABELA_b-scaled-1.png 2560w, https:\/\/eqtprev.com.br\/wp-content\/uploads\/2025\/04\/RESULTADOS-FINANCEIROS_2_NOVA-TABELA_b-scaled-1-300x149.png 300w, https:\/\/eqtprev.com.br\/wp-content\/uploads\/2025\/04\/RESULTADOS-FINANCEIROS_2_NOVA-TABELA_b-scaled-1-1024x508.png 1024w, https:\/\/eqtprev.com.br\/wp-content\/uploads\/2025\/04\/RESULTADOS-FINANCEIROS_2_NOVA-TABELA_b-scaled-1-768x381.png 768w, https:\/\/eqtprev.com.br\/wp-content\/uploads\/2025\/04\/RESULTADOS-FINANCEIROS_2_NOVA-TABELA_b-scaled-1-1536x762.png 1536w, https:\/\/eqtprev.com.br\/wp-content\/uploads\/2025\/04\/RESULTADOS-FINANCEIROS_2_NOVA-TABELA_b-scaled-1-2048x1016.png 2048w\" sizes=\"(max-width: 2560px) 100vw, 2560px\" \/>\t\t\t\t\t\t\t\t\t\t\t\t\t\t\t<\/div>\n\t\t\t\t<\/div>\n\t\t\t\t\t<\/div>\n\t\t\t\t<\/div>\n\t\t<div class=\"elementor-element elementor-element-244c3bd9 e-flex e-con-boxed e-con e-parent\" data-id=\"244c3bd9\" data-element_type=\"container\" data-e-type=\"container\">\n\t\t\t\t\t<div class=\"e-con-inner\">\n\t\t\t\t<div class=\"elementor-element elementor-element-63186b43 elementor-widget elementor-widget-image\" data-id=\"63186b43\" data-element_type=\"widget\" data-e-type=\"widget\" data-widget_type=\"image.default\">\n\t\t\t\t<div class=\"elementor-widget-container\">\n\t\t\t\t\t\t\t\t\t\t\t\t\t\t\t\t<a href=\"http:\/\/eqtprev.com.br\/wp-content\/uploads\/2025\/04\/RA-EQTPERV_2024_RESULTADOS-FINANCEIROS.pdf\" target=\"_blank\">\n\t\t\t\t\t\t\t<img decoding=\"async\" width=\"800\" height=\"219\" src=\"https:\/\/eqtprev.com.br\/wp-content\/uploads\/2025\/04\/BOTAO-SAIBA-MAIS-1-1.png\" class=\"attachment-large size-large wp-image-7378\" alt=\"\" srcset=\"https:\/\/eqtprev.com.br\/wp-content\/uploads\/2025\/04\/BOTAO-SAIBA-MAIS-1-1.png 946w, https:\/\/eqtprev.com.br\/wp-content\/uploads\/2025\/04\/BOTAO-SAIBA-MAIS-1-1-300x82.png 300w, https:\/\/eqtprev.com.br\/wp-content\/uploads\/2025\/04\/BOTAO-SAIBA-MAIS-1-1-768x210.png 768w\" sizes=\"(max-width: 800px) 100vw, 800px\" \/>\t\t\t\t\t\t\t\t<\/a>\n\t\t\t\t\t\t\t\t\t\t\t\t\t\t\t<\/div>\n\t\t\t\t<\/div>\n\t\t\t\t\t<\/div>\n\t\t\t\t<\/div>\n\t\t\t\t<\/div>\n\t\t","protected":false},"excerpt":{"rendered":"<p>DESEMPENHO DOS INVESTIMENTOS Dos 11 planos administrados pela EQTPREV, tr\u00eas superaram a meta em 2024: Plano Equatorial BD Goi\u00e1s, Plano BDI e o Plano Equatorial CD (Perfil Conservador). Apenas os planos Equatorial CV Piau\u00ed e Equatorial CD (Perfil Arrojado) tiveram desempenho abaixo do esperado, resultado impactado pelo segmento de renda vari\u00e1vel, uma vez que o [&hellip;]<\/p>\n","protected":false},"author":3,"featured_media":0,"parent":0,"menu_order":0,"comment_status":"closed","ping_status":"closed","template":"elementor_header_footer","meta":{"inline_featured_image":false,"footnotes":""},"class_list":["post-7399","page","type-page","status-publish","hentry"],"_links":{"self":[{"href":"https:\/\/eqtprev.com.br\/index.php\/wp-json\/wp\/v2\/pages\/7399","targetHints":{"allow":["GET"]}}],"collection":[{"href":"https:\/\/eqtprev.com.br\/index.php\/wp-json\/wp\/v2\/pages"}],"about":[{"href":"https:\/\/eqtprev.com.br\/index.php\/wp-json\/wp\/v2\/types\/page"}],"author":[{"embeddable":true,"href":"https:\/\/eqtprev.com.br\/index.php\/wp-json\/wp\/v2\/users\/3"}],"replies":[{"embeddable":true,"href":"https:\/\/eqtprev.com.br\/index.php\/wp-json\/wp\/v2\/comments?post=7399"}],"version-history":[{"count":14,"href":"https:\/\/eqtprev.com.br\/index.php\/wp-json\/wp\/v2\/pages\/7399\/revisions"}],"predecessor-version":[{"id":7546,"href":"https:\/\/eqtprev.com.br\/index.php\/wp-json\/wp\/v2\/pages\/7399\/revisions\/7546"}],"wp:attachment":[{"href":"https:\/\/eqtprev.com.br\/index.php\/wp-json\/wp\/v2\/media?parent=7399"}],"curies":[{"name":"wp","href":"https:\/\/api.w.org\/{rel}","templated":true}]}}