{"id":7329,"date":"2025-04-29T15:44:52","date_gmt":"2025-04-29T18:44:52","guid":{"rendered":"http:\/\/eqtprev.com.br\/?page_id=7329"},"modified":"2025-04-29T20:33:37","modified_gmt":"2025-04-29T23:33:37","slug":"elementor-7329","status":"publish","type":"page","link":"https:\/\/eqtprev.com.br\/index.php\/elementor-7329\/","title":{"rendered":"A\u00e7\u00f5es"},"content":{"rendered":"\t\t<div data-elementor-type=\"wp-page\" data-elementor-id=\"7329\" class=\"elementor elementor-7329\" data-elementor-post-type=\"page\">\n\t\t\t\t<div class=\"elementor-element elementor-element-4c47eb8f e-flex e-con-boxed e-con e-parent\" data-id=\"4c47eb8f\" data-element_type=\"container\" data-e-type=\"container\" data-settings=\"{&quot;background_background&quot;:&quot;classic&quot;}\">\n\t\t\t\t\t<div class=\"e-con-inner\">\n\t\t\t\t<div class=\"elementor-element elementor-element-4bd99244 elementor-widget elementor-widget-image\" data-id=\"4bd99244\" data-element_type=\"widget\" data-e-type=\"widget\" data-widget_type=\"image.default\">\n\t\t\t\t<div class=\"elementor-widget-container\">\n\t\t\t\t\t\t\t\t\t\t\t\t\t\t\t<img fetchpriority=\"high\" decoding=\"async\" width=\"1921\" height=\"413\" src=\"https:\/\/eqtprev.com.br\/wp-content\/uploads\/2025\/04\/acoes_ASG.png\" class=\"attachment-full size-full wp-image-7340\" alt=\"\" srcset=\"https:\/\/eqtprev.com.br\/wp-content\/uploads\/2025\/04\/acoes_ASG.png 1921w, https:\/\/eqtprev.com.br\/wp-content\/uploads\/2025\/04\/acoes_ASG-300x64.png 300w, https:\/\/eqtprev.com.br\/wp-content\/uploads\/2025\/04\/acoes_ASG-1024x220.png 1024w, https:\/\/eqtprev.com.br\/wp-content\/uploads\/2025\/04\/acoes_ASG-768x165.png 768w, https:\/\/eqtprev.com.br\/wp-content\/uploads\/2025\/04\/acoes_ASG-1536x330.png 1536w\" sizes=\"(max-width: 1921px) 100vw, 1921px\" \/>\t\t\t\t\t\t\t\t\t\t\t\t\t\t\t<\/div>\n\t\t\t\t<\/div>\n\t\t\t\t\t<\/div>\n\t\t\t\t<\/div>\n\t\t<div class=\"elementor-element elementor-element-548ecf10 e-flex e-con-boxed e-con e-parent\" data-id=\"548ecf10\" data-element_type=\"container\" data-e-type=\"container\">\n\t\t\t\t\t<div class=\"e-con-inner\">\n\t\t\t\t<div class=\"elementor-element elementor-element-17ef70d1 elementor-widget elementor-widget-text-editor\" data-id=\"17ef70d1\" data-element_type=\"widget\" data-e-type=\"widget\" data-widget_type=\"text-editor.default\">\n\t\t\t\t<div class=\"elementor-widget-container\">\n\t\t\t\t\t\t\t\t\t<p>Promover iniciativas Ambiental, Social e de Governan\u00e7a (ASG) foi um objetivo do Planejamento Estrat\u00e9gico de 2024.<\/p>\t\t\t\t\t\t\t\t<\/div>\n\t\t\t\t<\/div>\n\t\t\t\t\t<\/div>\n\t\t\t\t<\/div>\n\t\t<div class=\"elementor-element elementor-element-5548d8fd e-flex e-con-boxed e-con e-parent\" data-id=\"5548d8fd\" data-element_type=\"container\" data-e-type=\"container\">\n\t\t\t\t\t<div class=\"e-con-inner\">\n\t\t\t\t<div class=\"elementor-element elementor-element-256e97ab titulos elementor-widget elementor-widget-heading\" data-id=\"256e97ab\" data-element_type=\"widget\" data-e-type=\"widget\" data-widget_type=\"heading.default\">\n\t\t\t\t<div class=\"elementor-widget-container\">\n\t\t\t\t\t<h2 class=\"elementor-heading-title elementor-size-default\">GOVERNAN\u00c7A<\/h2>\t\t\t\t<\/div>\n\t\t\t\t<\/div>\n\t\t\t\t\t<\/div>\n\t\t\t\t<\/div>\n\t\t<div class=\"elementor-element elementor-element-2f5be06a e-flex e-con-boxed e-con e-parent\" data-id=\"2f5be06a\" data-element_type=\"container\" data-e-type=\"container\">\n\t\t\t\t\t<div class=\"e-con-inner\">\n\t\t<div class=\"elementor-element elementor-element-19ed296c e-con-full e-flex e-con e-child\" data-id=\"19ed296c\" data-element_type=\"container\" data-e-type=\"container\">\n\t\t<div class=\"elementor-element elementor-element-41881e79 e-con-full e-flex e-con e-child\" data-id=\"41881e79\" data-element_type=\"container\" data-e-type=\"container\">\n\t\t\t\t<div class=\"elementor-element elementor-element-6a53b873 elementor-widget elementor-widget-text-editor\" data-id=\"6a53b873\" data-element_type=\"widget\" data-e-type=\"widget\" data-widget_type=\"text-editor.default\">\n\t\t\t\t<div class=\"elementor-widget-container\">\n\t\t\t\t\t\t\t\t\t<p>O Conselho Deliberativo, a Diretoria Executiva e o Conselho Fiscal s\u00e3o os \u00f3rg\u00e3os estatut\u00e1rios que atuam para garantir a atividade fim da EQTPREV, que \u00e9 o pagamento dos benef\u00edcios previdenci\u00e1rios aos participantes e assistidos e seus benefici\u00e1rios.<\/p>\t\t\t\t\t\t\t\t<\/div>\n\t\t\t\t<\/div>\n\t\t\t\t<div class=\"elementor-element elementor-element-4941ed31 elementor-widget elementor-widget-text-editor\" data-id=\"4941ed31\" data-element_type=\"widget\" data-e-type=\"widget\" data-widget_type=\"text-editor.default\">\n\t\t\t\t<div class=\"elementor-widget-container\">\n\t\t\t\t\t\t\t\t\t<p><strong>C\u00d3DIGO DE \u00c9TICA E CONDUTA<\/strong><\/p>\t\t\t\t\t\t\t\t<\/div>\n\t\t\t\t<\/div>\n\t\t\t\t<div class=\"elementor-element elementor-element-4261316a elementor-widget elementor-widget-text-editor\" data-id=\"4261316a\" data-element_type=\"widget\" data-e-type=\"widget\" data-widget_type=\"text-editor.default\">\n\t\t\t\t<div class=\"elementor-widget-container\">\n\t\t\t\t\t\t\t\t\t<p>Como integrante do Grupo Equatorial, a EQTPREV est\u00e1 alinhada aos princ\u00edpios \u00e9ticos que orientam o comportamento da organiza\u00e7\u00e3o. Por isso, a Funda\u00e7\u00e3o segue as regras e padr\u00f5es de comportamento estabelecidos no C\u00f3digo de \u00c9tica e Conduta do Grupo. O documento estabelece regras de comportamento a serem observadas pelos profissionais no exerc\u00edcio de suas atividades, refor\u00e7ando o compromisso \u00e9tico do Grupo nas rela\u00e7\u00f5es que mant\u00e9m com as diversas partes interessadas.<\/p>\t\t\t\t\t\t\t\t<\/div>\n\t\t\t\t<\/div>\n\t\t\t\t<\/div>\n\t\t<div class=\"elementor-element elementor-element-de2d309 e-con-full e-flex e-con e-child\" data-id=\"de2d309\" data-element_type=\"container\" data-e-type=\"container\">\n\t\t\t\t<div class=\"elementor-element elementor-element-9c206de elementor-widget elementor-widget-image\" data-id=\"9c206de\" data-element_type=\"widget\" data-e-type=\"widget\" data-widget_type=\"image.default\">\n\t\t\t\t<div class=\"elementor-widget-container\">\n\t\t\t\t\t\t\t\t\t\t\t\t\t\t\t<img decoding=\"async\" width=\"971\" height=\"1207\" src=\"https:\/\/eqtprev.com.br\/wp-content\/uploads\/2025\/04\/IMAGEM_6_11.png\" class=\"attachment-full size-full wp-image-7341\" alt=\"\" srcset=\"https:\/\/eqtprev.com.br\/wp-content\/uploads\/2025\/04\/IMAGEM_6_11.png 971w, https:\/\/eqtprev.com.br\/wp-content\/uploads\/2025\/04\/IMAGEM_6_11-241x300.png 241w, https:\/\/eqtprev.com.br\/wp-content\/uploads\/2025\/04\/IMAGEM_6_11-824x1024.png 824w, https:\/\/eqtprev.com.br\/wp-content\/uploads\/2025\/04\/IMAGEM_6_11-768x955.png 768w\" sizes=\"(max-width: 971px) 100vw, 971px\" \/>\t\t\t\t\t\t\t\t\t\t\t\t\t\t\t<\/div>\n\t\t\t\t<\/div>\n\t\t\t\t<\/div>\n\t\t\t\t<\/div>\n\t\t\t\t\t<\/div>\n\t\t\t\t<\/div>\n\t\t<div class=\"elementor-element elementor-element-3ff0f05c e-flex e-con-boxed e-con e-parent\" data-id=\"3ff0f05c\" data-element_type=\"container\" data-e-type=\"container\">\n\t\t\t\t\t<div class=\"e-con-inner\">\n\t\t\t\t<div class=\"elementor-element elementor-element-7b2b6d9c titulos elementor-widget elementor-widget-heading\" data-id=\"7b2b6d9c\" data-element_type=\"widget\" data-e-type=\"widget\" data-widget_type=\"heading.default\">\n\t\t\t\t<div class=\"elementor-widget-container\">\n\t\t\t\t\t<h2 class=\"elementor-heading-title elementor-size-default\">EQUIDADE E DIVERSIDADE<\/h2>\t\t\t\t<\/div>\n\t\t\t\t<\/div>\n\t\t\t\t\t<\/div>\n\t\t\t\t<\/div>\n\t\t<div class=\"elementor-element elementor-element-7a882b90 note e-flex e-con-boxed e-con e-parent\" data-id=\"7a882b90\" data-element_type=\"container\" data-e-type=\"container\" data-settings=\"{&quot;background_background&quot;:&quot;classic&quot;}\">\n\t\t\t\t\t<div class=\"e-con-inner\">\n\t\t\t\t<div class=\"elementor-element elementor-element-517938b9 note elementor-widget elementor-widget-image\" data-id=\"517938b9\" data-element_type=\"widget\" data-e-type=\"widget\" data-widget_type=\"image.default\">\n\t\t\t\t<div class=\"elementor-widget-container\">\n\t\t\t\t\t\t\t\t\t\t\t\t\t\t\t<img decoding=\"async\" width=\"2560\" height=\"1271\" src=\"https:\/\/eqtprev.com.br\/wp-content\/uploads\/2025\/04\/ACOES-ASG_1-scaled-1.png\" class=\"attachment-full size-full wp-image-7343\" alt=\"\" srcset=\"https:\/\/eqtprev.com.br\/wp-content\/uploads\/2025\/04\/ACOES-ASG_1-scaled-1.png 2560w, https:\/\/eqtprev.com.br\/wp-content\/uploads\/2025\/04\/ACOES-ASG_1-scaled-1-300x149.png 300w, https:\/\/eqtprev.com.br\/wp-content\/uploads\/2025\/04\/ACOES-ASG_1-scaled-1-1024x508.png 1024w, https:\/\/eqtprev.com.br\/wp-content\/uploads\/2025\/04\/ACOES-ASG_1-scaled-1-768x381.png 768w, https:\/\/eqtprev.com.br\/wp-content\/uploads\/2025\/04\/ACOES-ASG_1-scaled-1-1536x763.png 1536w, https:\/\/eqtprev.com.br\/wp-content\/uploads\/2025\/04\/ACOES-ASG_1-scaled-1-2048x1017.png 2048w\" sizes=\"(max-width: 2560px) 100vw, 2560px\" \/>\t\t\t\t\t\t\t\t\t\t\t\t\t\t\t<\/div>\n\t\t\t\t<\/div>\n\t\t\t\t\t<\/div>\n\t\t\t\t<\/div>\n\t\t<div class=\"elementor-element elementor-element-3ba9ee1f e-flex e-con-boxed e-con e-parent\" data-id=\"3ba9ee1f\" data-element_type=\"container\" data-e-type=\"container\">\n\t\t\t\t\t<div class=\"e-con-inner\">\n\t\t\t\t<div class=\"elementor-element elementor-element-5f927491 titulos elementor-widget elementor-widget-heading\" data-id=\"5f927491\" data-element_type=\"widget\" data-e-type=\"widget\" data-widget_type=\"heading.default\">\n\t\t\t\t<div class=\"elementor-widget-container\">\n\t\t\t\t\t<h2 class=\"elementor-heading-title elementor-size-default\">PROJETO EQTPREV SUSTENT\u00c1VEL<\/h2>\t\t\t\t<\/div>\n\t\t\t\t<\/div>\n\t\t\t\t<div class=\"elementor-element elementor-element-6a427dcc elementor-widget elementor-widget-text-editor\" data-id=\"6a427dcc\" data-element_type=\"widget\" data-e-type=\"widget\" data-widget_type=\"text-editor.default\">\n\t\t\t\t<div class=\"elementor-widget-container\">\n\t\t\t\t\t\t\t\t\t<p>A Coordena\u00e7\u00e3o Administrativa, em parceria com a \u00e1rea de Comunica\u00e7\u00e3o Interna, lan\u00e7ou uma campanha de sustentabilidade em 13 de agosto, com foco no objetivo estrat\u00e9gico de Promover Campanhas Informativas sobre Tem\u00e1ticas de Sustentabilidade.<\/p><p>A primeira a\u00e7\u00e3o dessa campanha foi a Trilha de Sustentabilidade, disponibilizada na plataforma Universidade Saber, oferecida pelo Grupo Equatorial. O curso foi disponibilizado para todos os colaboradores da EQTPREV, exceto para os de Goi\u00e1s, com conclus\u00e3o at\u00e9 30 de agosto. O sucesso dessa a\u00e7\u00e3o \u00e9 um reflexo do trabalho conjunto e do compromisso de toda a equipe com a implementa\u00e7\u00e3o dos valores estrat\u00e9gicos da organiza\u00e7\u00e3o.<\/p>\t\t\t\t\t\t\t\t<\/div>\n\t\t\t\t<\/div>\n\t\t\t\t<div class=\"elementor-element elementor-element-2ff30ce elementor-widget elementor-widget-image\" data-id=\"2ff30ce\" data-element_type=\"widget\" data-e-type=\"widget\" data-widget_type=\"image.default\">\n\t\t\t\t<div class=\"elementor-widget-container\">\n\t\t\t\t\t\t\t\t\t\t\t\t\t\t\t\t<a href=\"http:\/\/eqtprev.com.br\/wp-content\/uploads\/2025\/04\/RA-EQTPERV_2024_ACOES-ASG.pdf\" target=\"_blank\">\n\t\t\t\t\t\t\t<img loading=\"lazy\" decoding=\"async\" width=\"800\" height=\"219\" src=\"https:\/\/eqtprev.com.br\/wp-content\/uploads\/2025\/04\/BOTAO-SAIBA-MAIS-2.png\" class=\"attachment-large size-large wp-image-7344\" alt=\"\" srcset=\"https:\/\/eqtprev.com.br\/wp-content\/uploads\/2025\/04\/BOTAO-SAIBA-MAIS-2.png 946w, https:\/\/eqtprev.com.br\/wp-content\/uploads\/2025\/04\/BOTAO-SAIBA-MAIS-2-300x82.png 300w, https:\/\/eqtprev.com.br\/wp-content\/uploads\/2025\/04\/BOTAO-SAIBA-MAIS-2-768x210.png 768w\" sizes=\"(max-width: 800px) 100vw, 800px\" \/>\t\t\t\t\t\t\t\t<\/a>\n\t\t\t\t\t\t\t\t\t\t\t\t\t\t\t<\/div>\n\t\t\t\t<\/div>\n\t\t\t\t\t<\/div>\n\t\t\t\t<\/div>\n\t\t\t\t<\/div>\n\t\t","protected":false},"excerpt":{"rendered":"<p>Promover iniciativas Ambiental, Social e de Governan\u00e7a (ASG) foi um objetivo do Planejamento Estrat\u00e9gico de 2024. GOVERNAN\u00c7A O Conselho Deliberativo, a Diretoria Executiva e o Conselho Fiscal s\u00e3o os \u00f3rg\u00e3os estatut\u00e1rios que atuam para garantir a atividade fim da EQTPREV, que \u00e9 o pagamento dos benef\u00edcios previdenci\u00e1rios aos participantes e assistidos e seus benefici\u00e1rios. C\u00d3DIGO [&hellip;]<\/p>\n","protected":false},"author":3,"featured_media":0,"parent":0,"menu_order":0,"comment_status":"closed","ping_status":"closed","template":"elementor_header_footer","meta":{"inline_featured_image":false,"footnotes":""},"class_list":["post-7329","page","type-page","status-publish","hentry"],"_links":{"self":[{"href":"https:\/\/eqtprev.com.br\/index.php\/wp-json\/wp\/v2\/pages\/7329","targetHints":{"allow":["GET"]}}],"collection":[{"href":"https:\/\/eqtprev.com.br\/index.php\/wp-json\/wp\/v2\/pages"}],"about":[{"href":"https:\/\/eqtprev.com.br\/index.php\/wp-json\/wp\/v2\/types\/page"}],"author":[{"embeddable":true,"href":"https:\/\/eqtprev.com.br\/index.php\/wp-json\/wp\/v2\/users\/3"}],"replies":[{"embeddable":true,"href":"https:\/\/eqtprev.com.br\/index.php\/wp-json\/wp\/v2\/comments?post=7329"}],"version-history":[{"count":21,"href":"https:\/\/eqtprev.com.br\/index.php\/wp-json\/wp\/v2\/pages\/7329\/revisions"}],"predecessor-version":[{"id":7552,"href":"https:\/\/eqtprev.com.br\/index.php\/wp-json\/wp\/v2\/pages\/7329\/revisions\/7552"}],"wp:attachment":[{"href":"https:\/\/eqtprev.com.br\/index.php\/wp-json\/wp\/v2\/media?parent=7329"}],"curies":[{"name":"wp","href":"https:\/\/api.w.org\/{rel}","templated":true}]}}