{"id":7244,"date":"2025-04-29T16:20:00","date_gmt":"2025-04-29T19:20:00","guid":{"rendered":"http:\/\/eqtprev.com.br\/?page_id=7244"},"modified":"2025-04-29T20:30:58","modified_gmt":"2025-04-29T23:30:58","slug":"gestao-administrativa-rascunho","status":"publish","type":"page","link":"https:\/\/eqtprev.com.br\/index.php\/gestao-administrativa-rascunho\/","title":{"rendered":"Gest\u00e3o Administrativa"},"content":{"rendered":"\t\t<div data-elementor-type=\"wp-page\" data-elementor-id=\"7244\" class=\"elementor elementor-7244\" data-elementor-post-type=\"page\">\n\t\t\t\t<div class=\"elementor-element elementor-element-27af3483 e-flex e-con-boxed e-con e-parent\" data-id=\"27af3483\" data-element_type=\"container\" data-e-type=\"container\" data-settings=\"{&quot;background_background&quot;:&quot;classic&quot;}\">\n\t\t\t\t\t<div class=\"e-con-inner\">\n\t\t\t\t<div class=\"elementor-element elementor-element-a1dfb1b elementor-widget elementor-widget-image\" data-id=\"a1dfb1b\" data-element_type=\"widget\" data-e-type=\"widget\" data-widget_type=\"image.default\">\n\t\t\t\t<div class=\"elementor-widget-container\">\n\t\t\t\t\t\t\t\t\t\t\t\t\t\t\t<img fetchpriority=\"high\" decoding=\"async\" width=\"1921\" height=\"391\" src=\"https:\/\/eqtprev.com.br\/wp-content\/uploads\/2025\/04\/gestao_administrativa-1.png\" class=\"attachment-full size-full wp-image-7253\" alt=\"\" srcset=\"https:\/\/eqtprev.com.br\/wp-content\/uploads\/2025\/04\/gestao_administrativa-1.png 1921w, https:\/\/eqtprev.com.br\/wp-content\/uploads\/2025\/04\/gestao_administrativa-1-300x61.png 300w, https:\/\/eqtprev.com.br\/wp-content\/uploads\/2025\/04\/gestao_administrativa-1-1024x208.png 1024w, https:\/\/eqtprev.com.br\/wp-content\/uploads\/2025\/04\/gestao_administrativa-1-768x156.png 768w, https:\/\/eqtprev.com.br\/wp-content\/uploads\/2025\/04\/gestao_administrativa-1-1536x313.png 1536w\" sizes=\"(max-width: 1921px) 100vw, 1921px\" \/>\t\t\t\t\t\t\t\t\t\t\t\t\t\t\t<\/div>\n\t\t\t\t<\/div>\n\t\t\t\t\t<\/div>\n\t\t\t\t<\/div>\n\t\t<div class=\"elementor-element elementor-element-11990732 e-flex e-con-boxed e-con e-parent\" data-id=\"11990732\" data-element_type=\"container\" data-e-type=\"container\">\n\t\t\t\t\t<div class=\"e-con-inner\">\n\t\t\t\t<div class=\"elementor-element elementor-element-15c52700 titulos elementor-widget elementor-widget-heading\" data-id=\"15c52700\" data-element_type=\"widget\" data-e-type=\"widget\" data-widget_type=\"heading.default\">\n\t\t\t\t<div class=\"elementor-widget-container\">\n\t\t\t\t\t<h2 class=\"elementor-heading-title elementor-size-default\">NOSSOS COLABORADORES <\/h2>\t\t\t\t<\/div>\n\t\t\t\t<\/div>\n\t\t\t\t\t<\/div>\n\t\t\t\t<\/div>\n\t\t<div class=\"elementor-element elementor-element-66756d15 e-flex e-con-boxed e-con e-parent\" data-id=\"66756d15\" data-element_type=\"container\" data-e-type=\"container\">\n\t\t\t\t\t<div class=\"e-con-inner\">\n\t\t\t\t<div class=\"elementor-element elementor-element-49f6ddae elementor-widget__width-initial elementor-widget elementor-widget-text-editor\" data-id=\"49f6ddae\" data-element_type=\"widget\" data-e-type=\"widget\" data-widget_type=\"text-editor.default\">\n\t\t\t\t<div class=\"elementor-widget-container\">\n\t\t\t\t\t\t\t\t\t<p>A EQTPREV trabalha com 39 profissionais capacitados em previd\u00eancia complementar, que est\u00e3o distribu\u00eddos na sede em S\u00e3o Lu\u00eds, no Maranh\u00e3o e nos escrit\u00f3rios de Bel\u00e9m, no Par\u00e1, de Goi\u00e2nia, em Goi\u00e1s, de Macei\u00f3, em Alagoas e de Teresina, no Piau\u00ed. O modelo de gest\u00e3o de pessoas busca proporcionar um ambiente agrad\u00e1vel e produtivo.<\/p>\t\t\t\t\t\t\t\t<\/div>\n\t\t\t\t<\/div>\n\t\t\t\t\t<\/div>\n\t\t\t\t<\/div>\n\t\t<div class=\"elementor-element elementor-element-76a688e9 e-flex e-con-boxed e-con e-parent\" data-id=\"76a688e9\" data-element_type=\"container\" data-e-type=\"container\">\n\t\t\t\t\t<div class=\"e-con-inner\">\n\t\t\t\t<div class=\"elementor-element elementor-element-4b0a8b76 elementor-widget elementor-widget-image\" data-id=\"4b0a8b76\" data-element_type=\"widget\" data-e-type=\"widget\" data-widget_type=\"image.default\">\n\t\t\t\t<div class=\"elementor-widget-container\">\n\t\t\t\t\t\t\t\t\t\t\t\t<figure class=\"wp-caption\">\n\t\t\t\t\t\t\t\t\t\t<img decoding=\"async\" width=\"1920\" height=\"291\" src=\"https:\/\/eqtprev.com.br\/wp-content\/uploads\/2025\/04\/gestao_1_b.png\" class=\"attachment-full size-full wp-image-7254\" alt=\"\" srcset=\"https:\/\/eqtprev.com.br\/wp-content\/uploads\/2025\/04\/gestao_1_b.png 1920w, https:\/\/eqtprev.com.br\/wp-content\/uploads\/2025\/04\/gestao_1_b-300x45.png 300w, https:\/\/eqtprev.com.br\/wp-content\/uploads\/2025\/04\/gestao_1_b-1024x155.png 1024w, https:\/\/eqtprev.com.br\/wp-content\/uploads\/2025\/04\/gestao_1_b-768x116.png 768w, https:\/\/eqtprev.com.br\/wp-content\/uploads\/2025\/04\/gestao_1_b-1536x233.png 1536w\" sizes=\"(max-width: 1920px) 100vw, 1920px\" \/>\t\t\t\t\t\t\t\t\t\t\t<figcaption class=\"widget-image-caption wp-caption-text\">Equipe S\u00e3o Lu\u00eds, Maranh\u00e3o<\/figcaption>\n\t\t\t\t\t\t\t\t\t\t<\/figure>\n\t\t\t\t\t\t\t\t\t<\/div>\n\t\t\t\t<\/div>\n\t\t\t\t\t<\/div>\n\t\t\t\t<\/div>\n\t\t<div class=\"elementor-element elementor-element-1eafdf3c e-flex e-con-boxed e-con e-parent\" data-id=\"1eafdf3c\" data-element_type=\"container\" data-e-type=\"container\">\n\t\t\t\t\t<div class=\"e-con-inner\">\n\t\t\t\t<div class=\"elementor-element elementor-element-2bb415bd titulos elementor-widget elementor-widget-heading\" data-id=\"2bb415bd\" data-element_type=\"widget\" data-e-type=\"widget\" data-widget_type=\"heading.default\">\n\t\t\t\t<div class=\"elementor-widget-container\">\n\t\t\t\t\t<h2 class=\"elementor-heading-title elementor-size-default\">GEST\u00c3O DE RISCOS E CONTROLES INTERNOS <\/h2>\t\t\t\t<\/div>\n\t\t\t\t<\/div>\n\t\t\t\t\t<\/div>\n\t\t\t\t<\/div>\n\t\t<div class=\"elementor-element elementor-element-1d21ab99 e-flex e-con-boxed e-con e-parent\" data-id=\"1d21ab99\" data-element_type=\"container\" data-e-type=\"container\">\n\t\t\t\t\t<div class=\"e-con-inner\">\n\t\t\t\t<div class=\"elementor-element elementor-element-31be0dc7 elementor-widget__width-initial elementor-widget elementor-widget-text-editor\" data-id=\"31be0dc7\" data-element_type=\"widget\" data-e-type=\"widget\" data-widget_type=\"text-editor.default\">\n\t\t\t\t<div class=\"elementor-widget-container\">\n\t\t\t\t\t\t\t\t\tNa EQTPREV, garantir a seguran\u00e7a financeira dos participantes \u00e9 um compromisso fundamental.  A atua\u00e7\u00e3o vai al\u00e9m da administra\u00e7\u00e3o de recursos. A equipe trabalha continuamente para aprimorar os controles internos e fortalecer a gest\u00e3o de riscos, garantindo a solidez e a confiabilidade do sistema de previd\u00eancia complementar. \n\nDiante dos desafios inerentes ao mercado financeiro, a Funda\u00e7\u00e3o adotou uma abordagem estrat\u00e9gica e preventiva, fundamentada nas melhores pr\u00e1ticas internacionais. A gest\u00e3o de riscos \u00e9 estruturada com base na ISO 31000, assegurando um processo sistem\u00e1tico e eficaz de identifica\u00e7\u00e3o, avalia\u00e7\u00e3o e mitiga\u00e7\u00e3o de riscos. J\u00e1 os controles internos seguem os princ\u00edpios do COSO ICIF, proporcionando um ambiente de governan\u00e7a robusto, que fortalece a integridade e a transpar\u00eancia das opera\u00e7\u00f5es. \n\nA implementa\u00e7\u00e3o dessas metodologias permite uma vis\u00e3o integrada dos riscos e controles, garantindo que todas as transa\u00e7\u00f5es sejam conduzidas com m\u00e1xima precis\u00e3o e conformidade regulat\u00f3ria. Com pol\u00edticas rigorosas e monitoramento cont\u00ednuo, os ativos dos participantes s\u00e3o protegidos e assegurada a sustentabilidade do fundo a longo prazo. \n\t\t\t\t\t\t\t\t<\/div>\n\t\t\t\t<\/div>\n\t\t\t\t\t<\/div>\n\t\t\t\t<\/div>\n\t\t<div class=\"elementor-element elementor-element-19fe2c4b e-flex e-con-boxed e-con e-parent\" data-id=\"19fe2c4b\" data-element_type=\"container\" data-e-type=\"container\">\n\t\t\t\t\t<div class=\"e-con-inner\">\n\t\t\t\t<div class=\"elementor-element elementor-element-4480e207 titulos elementor-widget elementor-widget-heading\" data-id=\"4480e207\" data-element_type=\"widget\" data-e-type=\"widget\" data-widget_type=\"heading.default\">\n\t\t\t\t<div class=\"elementor-widget-container\">\n\t\t\t\t\t<h2 class=\"elementor-heading-title elementor-size-default\">SEGURAN\u00c7A DA INFORMA\u00c7\u00c3O <\/h2>\t\t\t\t<\/div>\n\t\t\t\t<\/div>\n\t\t\t\t<div class=\"elementor-element elementor-element-7104ac91 elementor-widget elementor-widget-text-editor\" data-id=\"7104ac91\" data-element_type=\"widget\" data-e-type=\"widget\" data-widget_type=\"text-editor.default\">\n\t\t\t\t<div class=\"elementor-widget-container\">\n\t\t\t\t\t\t\t\t\t<p>Para garantir a seguran\u00e7a da informa\u00e7\u00e3o s\u00e3o utilizados controles t\u00e9cnicos, administrativos e f\u00edsicos. Os instrumentos que regulam as atividades s\u00e3o a Pol\u00edtica de Seguran\u00e7a da Informa\u00e7\u00e3o, a Pol\u00edtica de Pr\u00e1tica de Gest\u00e3o de Sistemas e a Norma de Gest\u00e3o de Continuidade dos Servi\u00e7os de TI.<\/p><p>A\u202f<strong>Pol\u00edtica de Seguran\u00e7a da Informa\u00e7\u00e3o (PSI)\u202f<\/strong>da Funda\u00e7\u00e3o estabelece diretrizes claras para o uso de recursos tecnol\u00f3gicos e a prote\u00e7\u00e3o das informa\u00e7\u00f5es. O documento abrange uma s\u00e9rie de pr\u00e1ticas e responsabilidades relacionadas \u00e0 seguran\u00e7a da informa\u00e7\u00e3o, prote\u00e7\u00e3o de dados e ciberseguran\u00e7a.<\/p><p>Estabelece crit\u00e9rios para classificar as informa\u00e7\u00f5es conforme seu n\u00edvel de confidencialidade (P\u00fablica, Corporativa, Interna, Restrita e Confidencial). Essa classifica\u00e7\u00e3o \u00e9 fundamental para definir quem pode acessar determinadas informa\u00e7\u00f5es e como elas devem ser protegidas.\u202f<\/p><p>J\u00e1 a<strong> Pol\u00edtica de Pr\u00e1tica de Gest\u00e3o de Sistemas<\/strong> determina as diretrizes para a aquisi\u00e7\u00e3o, desenvolvimento e manuten\u00e7\u00e3o de sistemas de informa\u00e7\u00e3o, com o objetivo de garantir a disponibilidade, confidencialidade e integridade dos dados, al\u00e9m de minimizar riscos ao neg\u00f3cio da Funda\u00e7\u00e3o.<\/p><p>O documento estabelece que os processos de aquisi\u00e7\u00e3o, desenvolvimento e manuten\u00e7\u00e3o de sistemas devem seguir metodologias formais que contemplem aspectos de seguran\u00e7a da informa\u00e7\u00e3o. Isso inclui a necessidade de garantir que as atividades estejam alinhadas com as exig\u00eancias legais vigentes e com as boas pr\u00e1ticas de seguran\u00e7a.<\/p><p>A\u202f<strong>Norma de Gest\u00e3o de Continuidade dos Servi\u00e7os de TI<\/strong> tem como objetivo principal garantir a continuidade dos servi\u00e7os de TI em situa\u00e7\u00f5es de desastre ou falhas, assegurando que a infraestrutura t\u00e9cnica e os servi\u00e7os sejam recuperados dentro do prazo especificado. A norma abrange uma s\u00e9rie de pr\u00e1ticas e responsabilidades relacionadas \u00e0 seguran\u00e7a da informa\u00e7\u00e3o, prote\u00e7\u00e3o de dados e ciberseguran\u00e7a, com foco na disponibilidade, integridade e confidencialidade das informa\u00e7\u00f5es.<\/p>\t\t\t\t\t\t\t\t<\/div>\n\t\t\t\t<\/div>\n\t\t\t\t<div class=\"elementor-element elementor-element-52c04cf9 elementor-widget elementor-widget-image\" data-id=\"52c04cf9\" data-element_type=\"widget\" data-e-type=\"widget\" data-widget_type=\"image.default\">\n\t\t\t\t<div class=\"elementor-widget-container\">\n\t\t\t\t\t\t\t\t\t\t\t\t\t\t\t\t<a href=\"https:\/\/arata.com.br\/stag\/wp-content\/uploads\/2025\/04\/RA-EQTPERV_2024_GESTAO-ADMINISTRATIVA.pdf\" target=\"_blank\">\n\t\t\t\t\t\t\t<img decoding=\"async\" width=\"800\" height=\"219\" src=\"https:\/\/eqtprev.com.br\/wp-content\/uploads\/2025\/04\/BOTAO-SAIBA-MAIS.png\" class=\"attachment-large size-large wp-image-7252\" alt=\"\" srcset=\"https:\/\/eqtprev.com.br\/wp-content\/uploads\/2025\/04\/BOTAO-SAIBA-MAIS.png 946w, https:\/\/eqtprev.com.br\/wp-content\/uploads\/2025\/04\/BOTAO-SAIBA-MAIS-300x82.png 300w, https:\/\/eqtprev.com.br\/wp-content\/uploads\/2025\/04\/BOTAO-SAIBA-MAIS-768x210.png 768w\" sizes=\"(max-width: 800px) 100vw, 800px\" \/>\t\t\t\t\t\t\t\t<\/a>\n\t\t\t\t\t\t\t\t\t\t\t\t\t\t\t<\/div>\n\t\t\t\t<\/div>\n\t\t\t\t\t<\/div>\n\t\t\t\t<\/div>\n\t\t\t\t<\/div>\n\t\t","protected":false},"excerpt":{"rendered":"<p>NOSSOS COLABORADORES A EQTPREV trabalha com 39 profissionais capacitados em previd\u00eancia complementar, que est\u00e3o distribu\u00eddos na sede em S\u00e3o Lu\u00eds, no Maranh\u00e3o e nos escrit\u00f3rios de Bel\u00e9m, no Par\u00e1, de Goi\u00e2nia, em Goi\u00e1s, de Macei\u00f3, em Alagoas e de Teresina, no Piau\u00ed. O modelo de gest\u00e3o de pessoas busca proporcionar um ambiente agrad\u00e1vel e produtivo. [&hellip;]<\/p>\n","protected":false},"author":3,"featured_media":0,"parent":0,"menu_order":0,"comment_status":"closed","ping_status":"closed","template":"elementor_header_footer","meta":{"inline_featured_image":false,"footnotes":""},"class_list":["post-7244","page","type-page","status-publish","hentry"],"_links":{"self":[{"href":"https:\/\/eqtprev.com.br\/index.php\/wp-json\/wp\/v2\/pages\/7244","targetHints":{"allow":["GET"]}}],"collection":[{"href":"https:\/\/eqtprev.com.br\/index.php\/wp-json\/wp\/v2\/pages"}],"about":[{"href":"https:\/\/eqtprev.com.br\/index.php\/wp-json\/wp\/v2\/types\/page"}],"author":[{"embeddable":true,"href":"https:\/\/eqtprev.com.br\/index.php\/wp-json\/wp\/v2\/users\/3"}],"replies":[{"embeddable":true,"href":"https:\/\/eqtprev.com.br\/index.php\/wp-json\/wp\/v2\/comments?post=7244"}],"version-history":[{"count":18,"href":"https:\/\/eqtprev.com.br\/index.php\/wp-json\/wp\/v2\/pages\/7244\/revisions"}],"predecessor-version":[{"id":7549,"href":"https:\/\/eqtprev.com.br\/index.php\/wp-json\/wp\/v2\/pages\/7244\/revisions\/7549"}],"wp:attachment":[{"href":"https:\/\/eqtprev.com.br\/index.php\/wp-json\/wp\/v2\/media?parent=7244"}],"curies":[{"name":"wp","href":"https:\/\/api.w.org\/{rel}","templated":true}]}}